**2 + y + 2. Calculate g(-5).
47
Let p(q) = -q**3 - 16*q**2 - 16*q - 13. What is p(-15)?
2
Let t(i) = 2*i**3 - 42*i**2 + i - 26. What is t(21)?
-5
Let x(f) = 6*f**2 - 2*f + 1. Determine x(1).
5
Let j(g) = -g**3 + 3*g**2 + 2*g - 2. What is j(4)?
-10
Let n(f) = f**2 - 10*f + 5. Give n(8).
-11
Let b(v) = -v + 3. Determine b(3).
0
Let o(g) = g**2 + 10*g + 6. Determine o(-10).
6
Let z(a) = 2*a. Give z(3).
6
Let x(d) = -d**2 + 48*d - 218. Give x(43).
-3
Let w(c) = -c**3 + 4*c**2 + 6*c - 2. What is w(5)?
3
Let k(l) = -2*l**2 + 17*l - 10. Give k(8).
-2
Let n(l) = 8*l + 15. What is n(8)?
79
Let f(p) = -p**3 - 11. What is f(0)?
-11
Let p(d) = -d**2 - 15*d - 75. Give p(-13).
-49
Let p(x) = x**3 + 8*x**2 + 9*x - 9. Give p(-7).
-23
Let t(j) = -j**3 - 15*j**2 + 2*j - 5. Determine t(-15).
-35
Let z(y) = -y**2 - 5*y + 62. Determine z(-10).
12
Let z(a) = 10*a + 143. Give z(-15).
-7
Let n(m) = 10*m**3 + 58*m**2 - 10*m + 9. Give n(-6).
-3
Let p(x) = 5*x + 6. What is p(2)?
16
Let g(i) = -3*i**2 + 12*i + 12. What is g(10)?
-168
Let l(w) = 6*w - 12. What is l(-6)?
-48
Let l(j) = -j**3 + 29*j**2 + 2*j - 33. Determine l(29).
25
Let r(l) = -l**2 - 4*l + 7. Give r(-8).
-25
Let t(h) = -h + 31. What is t(28)?
3
Let n(r) = r - 45. Determine n(0).
-45
Let t(u) = u**3 + 2*u**2 - 34*u + 30. What is t(-7)?
23
Let o(g) = g**3 - 9*g**2 + 17*g. Give o(7).
21
Let v(j) = -5*j**2 + j + 1. What is v(0)?
1
Let g(t) = -t**3 + 3*t**2 + 10*t - 6. Give g(5).
-6
Let y(k) = -k**2 + 13*k + 10. What is y(10)?
40
Let y(m) = m**3 - 6*m**2 + 6*m + 4. Determine y(6).
40
Let u(j) = -j**3 - 6*j**2 + 10*j + 20. Calculate u(-7).
-1
Let d(n) = n**3 + 3*n**2 - 2*n - 4. Give d(-3).
2
Let k(u) = -14*u + 6. Calculate k(0).
6
Let s(k) = -k**2 + 5*k - 3. Give s(2).
3
Let f(m) = m**2 + 3*m - 28. What is f(-6)?
-10
Let i(m) = -m**3 - 11*m**2 + 14*m + 13. What is i(-12)?
-11
Let d(l) = -l**3 + l**2 - 3*l + 6. Determine d(2).
-4
Let d(a) = -a - 24. Determine d(-12).
-12
Let o(m) = -m**2 - 1. Determine o(-6).
-37
Let y(g) = -2*g**3 - 37*g**2 - 17*g + 18. Determine y(-18).
0
Let w(h) = h**2 - 18*h - 8. What is w(16)?
-40
Let n(w) = -w**3 + 3*w**2 - 5*w + 8. What is n(2)?
2
Let v(x) = -4*x**3 + x**2 + 2*x + 1. Determine v(2).
-23
Let k(s) = -s**2 + 5*s + 1. Give k(1).
5
Let t(n) = -2*n**2 + 83*n - 49. Calculate t(40).
71
Let f(x) = x**3 - 6*x**2 + 5*x + 7. Calculate f(5).
7
Let r(c) = 2*c**2 + 3*c - 17. Calculate r(-5).
18
Let j(q) = -3*q - 9. Give j(6).
-27
Let c(m) = -m**2 + 14*m + 26. What is c(8)?
74
Let c(g) = 3*g**3 - 5. Determine c(3).
76
Let p(w) = -w**3 - w**2 + w - 11. Calculate p(0).
-11
Let t(b) = 2*b + 44. Determine t(-16).
12
Let n(u) = u**2 - 7*u + 9. Determine n(6).
3
Let s(d) = -d**2 + 8*d - 7. Calculate s(9).
-16
Let z(c) = -c**3 + 5*c**2 + 7*c - 28. Calculate z(6).
-22
Let u(q) = -q - 14. What is u(-8)?
-6
Let q(o) = -o**3 + 7*o**2 - 12*o + 1. Calculate q(5).
-9
Let f(n) = -12*n - 189. Give f(-15).
-9
Let b(r) = r**3 + 6*r**2 + r + 2. Give b(-6).
-4
Let v(d) = -2*d**2 + 5*d + 4. Calculate v(-3).
-29
Let b(x) = -2*x - 4. What is b(0)?
-4
Let w(k) = -k**2 - 11*k + 16. Determine w(-10).
26
Let r(k) = k - 8. Calculate r(3).
-5
Let b(x) = -9*x**3 + 10*x**2 + x - 3. Calculate b(1).
-1
Let l(f) = -f**3 + 3*f**2 + 13*f - 27. Determine l(5).
-12
Let y(r) = 2*r**3 + 14*r**2 - 20*r + 16. Determine y(-9).
-128
Let f(t) = 8*t - 5. Calculate f(0).
-5
Let y(m) = m**3 + 7*m**2 + 17*m + 14. What is y(-4)?
-6
Let p(m) = 2*m**2 - 5*m - 1. Give p(3).
2
Let u(b) = -b + 19. Determine u(25).
-6
Let a(u) = u**3 - 2*u**2 - 11*u - 13. Give a(5).
7
Let w(g) = g - 20. Determine w(13).
-7
Let g(k) = -k**3 + 2*k**2 + 5. Calculate g(3).
-4
Let f(z) = 2*z + 4. Determine f(-3).
-2
Let d(w) = -w**2 - 19*w - 64. Determine d(-13).
14
Let c(l) = 4*l**2 - 10*l + 5. Calculate c(3).
11
Let a(n) = 3*n**2 - 17*n - 5. Determine a(6).
1
Let a(n) = n**2 - 12*n - 21. Determine a(14).
7
Let g(z) = z**3 + 6*z**2 + z - 5. Give g(-5).
15
Let b(l) = 2*l + 3. Determine b(5).
13
Let j(m) = -m**3 + 8*m**2 - 9*m + 16. Give j(3).
34
Let p(v) = -6*v. Calculate p(-1).
6
Let r(k) = -5*k - 6. What is r(-1)?
-1
Let c(i) = -i**3 + 16*i**2 + 14. Calculate c(16).
14
Let x(r) = 2*r - 30. Calculate x(-8).
-46
Let q(y) = 12*y - 31. Determine q(3).
5
Let k(h) = -h**2 + 13*h - 1. What is k(12)?
11
Let n(y) = y**3 + 15*y**2 - 4*y - 12. What is n(-16)?
-204
Let p(n) = -n**3 + 11*n**2 + 16*n + 2. Give p(12).
50
Let b(c) = -2*c - 28. Give b(-15).
2
Let f(d) = 6*d**2 + 4*d + 2. What is f(-1)?
4
Let z(l) = -2*l**3 + 2*l**2 + l + 1. Give z(2).
-5
Let t(u) = -7*u + 7. Give t(1).
0
Let t(a) = a**3 - 8*a**2 + 5*a - 25. Give t(8).
15
Let n(r) = -2*r**3 - 18*r**2 - 28*r - 16. Give n(-7).
-16
Let t(o) = -o**3 - 2*o**2 + 5*o - 1. Give t(-5).
49
Let n(a) = -6*a**2 + 3*a - 2. What is n(2)?
-20
Let p(y) = -y**3. Give p(-1).
1
Let s(r) = 18*r + 50. Give s(-3).
-4
Let s(u) = -u**3 + 7*u**2 - 2*u - 2. Give s(7).
-16
Let o(v) = v**2 + 16*v - 42. Give o(-18).
-6
Let i(q) = q**2 - 10*q + 31. Determine i(5).
6
Let t(x) = -x**3 + 21*x**2 + 6*x - 44. Give t(21).
82
Let d(u) = 7*u - 73. What is d(9)?
-10
Let w(x) = -32*x**2 - x + 1. What is w(-1)?
-30
Let q(b) = -6*b. Give q(-3).
18
Let n(a) = -a**3 - 30*a**2 + a + 31. Calculate n(-30).
1
Let i(d) = -8*d**3 - 2*d**2 - d. What is i(-1)?
7
Let p(q) = -q**3 - 18*q**2 + 2*q + 26. Determine p(-18).
-10
Let f(k) = -20*k**3 - 7*k**2 - 3*k - 2. What is f(-1)?
14
Let g(f) = -5*f + 25. What is g(7)?
-10
Let i(r) = -3*r**3 - 2*r**2 - 2*r + 3. What is i(-2)?
23
Let f(n) = n**3 + 5*n**2 - 18. Calculate f(-4).
-2
Let h(g) = 2*g**3 - 9*g - 7. What is h(-2)?
-5
Let p(s) = 6*s - 64. What is p(10)?
-4
Let g(p) = -p**2 + 3*p + 7. What is g(3)?
7
Let c(a) = 9*a + 2. Calculate c(9).
83
Let p(j) = -2*j**3 - j**2 - 3*j - 2. What is p(-2)?
16
Let v(z) = -12*z + 25. Give v(10).
-95
Let k(s) = 10*s + 74. Calculate k(-8).
-6
Let h(q) = q**3 + 2*q**2 - 22*q - 6. What is h(-6)?
-18
Let z(q) = -4*q - 12. Calculate z(-7).
16
Let j(d) = -10*d - 8. Determine j(-4).
32
Let f(z) = 7*z - 4. Give f(-1).
-11
Let j(o) = -o**2 + 6*o + 26. Determine j(9).
-1
Let i(v) = -2*v + 7. Determine i(21).
-35
Let c(b) = -7*b - 15. Calculate c(-5).
20
Let n(v) = 4*v. Give n(-9).
-36
Let v(p) = 2*p - 24. Determine v(10).
-4
Let j(w) = -w**3 - 4*w**2 + 17*w + 14. Calculate j(-6).
-16
Let p(y) = -4*y**3 - y. What is p(2)?
-34
Let f(a) = 10*a**2 - 1. What is f(2)?
39
Let f(v) = -v**3 + 7*v**2 + 18*v + 3. What is f(9)?
3
Let u(f) = 2*f**2 - 2*f + 26. What is u(8)?
138
Let g(l) = -l + 23. Give g(7).
16
Let u(m) = m**2 - 6*m + 5. Determine u(3).
-4
Let x(f) = -4*f - 13. Calculate x(9).
-49
Let l(o) = 6*o. Give l(5).
30
Let b(g) = 3*g**2 - 35*g - 12. Calculate b(11).
-34
Let b(k) = 23*k + 238. Calculate b(-10).
8
Let t(o) = 12*o**2 - 3*o - 4. What is t(2)?
38
Let m(k) = k - 51. Give m(17).
-34
Let f(y) = y**3 - 7*y**2 + 4*y - 3. Give f(3).
-27
Let z(v) = 2*v**2 - 14*v - 16. Calculate z(7).
-16
Let z(b) = b**3 - 3*b**2 - 13*b + 6. Give z(6).
36
Let y(v) = -v**3 - 7*v**2 + 3*v + 22. Calculate y(-7).
1
Let c(i) = 6*i + 14. Determine c(4).
38
Let n(z) = -z**3 - 3*z**2 - z + 3. Calculate n(-3).
6
Let y(o) = -o + 12. Give y(6).
6
Let u(m) = 2*m**2 - 14*m + 12. Calculate u(5).
-8
Let b(f) = -f**3 - 17*f**2 + 17*f - 26. Give b(-18).
-8
Let g(y) = -y**2 + 17*y + 160. Give g(24).
-8
Let n(v) = -v**2 - 5*v + 71. What is n(-11)?
5
Let a(n) = n**3 + 13*n**2 - 17*n - 18. Give a(-14).
24
Let x(d) = -d**3 + 17*d**2 + 17*d - 4. What is x(18)?
-22
Let f(k) = -2*k**2 + 47*k - 57. Calculate f(22).
9
Let r(z) = z**3 - 14*z**2 + 16*z + 2. Calculate r(13).
41
Let h(s) = s**3 + 5*s**2 - 13*s + 15. What is h(-7)?
8
Let x(s) = -s - 4. Give x(-6).
2
Let f(x) = 4*x**3 + 15*x - 28. Calculate f(2).
34
Let k(t) = -t**3 + t**2 - t - 2. What is k(2)?
-8
Let x(k) = 9*k + 2. Give x(3).
29
Let k(o) = o**3 + 11*o**2 + 13*o + 5. What is k(-10)?
-25
Let i(h) = h**3 - 3*h**2 + 2*h + 13. What is i(0)?
13
Let q(z) = 17*z - 78. Give q(5).
7
Let m(a) = -27*a + 15. Calculate m(-5).
150
Let s(c) = -c**3 + 6*c**2 + 5*c - 13. Give s(6).
17
Let p(o) = 20*o - 11. Calculate p(2).
29
Let k(n) = 6*n + 4. What is k(-5)?
-26
Let x(n) = n**2 + 12*n - 16. Determine x(-12).
-16
Let o(t) = -t**2 - 13*t - 7. Give o(-13).
-7
Let o(h) = -15*h + 19. Calc